897330?
2, 5, 62689733
List the prime factors of 602154940.
2, 5, 30107747
List the prime factors of 1165382376.
2, 3, 89, 103, 5297
What are the prime factors of 2395142726?
2, 1197571363
What are the prime factors of 1852041583?
7, 37796767
List the prime factors of 7841333350.
2, 5, 103, 1522589
List the prime factors of 403303236.
2, 3, 7, 1291, 3719
What are the prime factors of 232759539?
3, 29, 891799
List the prime factors of 2212653380.
2, 5, 7, 307, 51481
List the prime factors of 141149226.
2, 3, 23524871
List the prime factors of 330893763.
3, 17, 1901, 3413
What are the prime factors of 1596314427?
3, 532104809
List the prime factors of 347800931.
263, 1322437
List the prime factors of 1465103054.
2, 419, 1748333
What are the prime factors of 534573551?
17, 659, 47717
What are the prime factors of 55433793?
3, 2347, 7873
What are the prime factors of 85765989?
3, 857, 33359
List the prime factors of 1243503433.
1243503433
List the prime factors of 1560977694.
2, 3, 86720983
What are the prime factors of 1510869081?
3, 599, 683, 1231
List the prime factors of 316588003.
2221, 142543
What are the prime factors of 65591655?
3, 5, 4372777
What are the prime factors of 340744949?
1877, 181537
List the prime factors of 23957786.
2, 11978893
What are the prime factors of 720569681?
13, 55428437
List the prime factors of 221102184.
2, 3, 1297, 7103
List the prime factors of 54390085.
5, 241, 45137
What are the prime factors of 22793711?
19, 31, 38699
What are the prime factors of 359616038?
2, 5279, 34061
What are the prime factors of 160274702?
2, 7, 11448193
What are the prime factors of 228783467?
11, 17, 239, 5119
List the prime factors of 189858859.
23, 503, 16411
List the prime factors of 1433432531.
11113, 128987
What are the prime factors of 98967544?
2, 13, 59, 127
List the prime factors of 5025423121.
5025423121
List the prime factors of 1482209882.
2, 31, 771181
What are the prime factors of 41850422?
2, 29, 41, 17599
List the prime factors of 1302414261.
3, 19, 23, 993451
List the prime factors of 108837871.
19, 113, 163, 311
What are the prime factors of 1303904960?
2, 5, 23, 29, 41, 149
What are the prime factors of 2933744800?
2, 5, 7, 37, 14159
What are the prime factors of 399444808?
2, 7, 7132943
What are the prime factors of 113005920?
2, 3, 5, 19, 12391
List the prime factors of 38451862.
2, 19225931
What are the prime factors of 11854921?
13, 911917
List the prime factors of 4129074395.
5, 19, 331, 131311
List the prime factors of 979625446.
2, 19, 107, 197, 1223
What are the prime factors of 2260678836?
2, 3, 13, 17, 37, 23039
List the prime factors of 3068700528.
2, 3, 1741, 36721
What are the prime factors of 745210542?
2, 3, 3767, 32971
List the prime factors of 774664819.
37, 20936887
List the prime factors of 1186114208.
2, 17, 2180357
List the prime factors of 1475871190.
2, 5, 29, 269, 18919
What are the prime factors of 141049203?
3, 2927, 16063
List the prime factors of 4188648.
2, 3, 174527
List the prime factors of 3135515745.
3, 5, 1399, 149417
List the prime factors of 3032232866.
2, 13, 29, 4021529
What are the prime factors of 118965062?
2, 23, 83, 31159
What are the prime factors of 37445788?
2, 73, 128239
What are the prime factors of 38066434?
2, 7, 17, 73, 313
List the prime factors of 19370108.
2, 1759, 2753
List the prime factors of 2053353580.
2, 5, 102667679
List the prime factors of 327564198.
2, 3, 13, 1399847
List the prime factors of 4139325564.
2, 3, 11, 89, 463, 761
What are the prime factors of 704916562?
2, 7, 257, 195919
List the prime factors of 59226565.
5, 11845313
List the prime factors of 13691489.
7, 127, 15401
What are the prime factors of 135332252?
2, 11, 181, 16993
What are the prime factors of 63909169?
2539, 25171
What are the prime factors of 665787150?
2, 3, 5, 7, 17, 12433
What are the prime factors of 31217322?
2, 3, 5202887
What are the prime factors of 2782606728?
2, 3, 11, 1657, 6361
What are the prime factors of 23281057?
23281057
List the prime factors of 61917439.
61917439
What are the prime factors of 82386728?
2, 10298341
What are the prime factors of 13990356?
2, 3, 388621
List the prime factors of 41836760.
2, 5, 7, 149417
List the prime factors of 1670221103.
1670221103
List the prime factors of 163499619.
3, 313, 174121
List the prime factors of 3724386053.
3724386053
List the prime factors of 16745089.
373, 44893
What are the prime factors of 22012426?
2, 23, 478531
List the prime factors of 6747988115.
5, 11, 122690693
List the prime factors of 126185406.
2, 3, 23, 829, 1103
What are the prime factors of 1462287778?
2, 7, 181, 577067
List the prime factors of 3635582454.
2, 3, 7, 3205981
List the prime factors of 543195803.
401, 1354603
What are the prime factors of 4385281643?
19, 61, 3783677
What are the prime factors of 183210214?
2, 11, 757067
What are the prime factors of 124479168?
2, 3, 11, 17, 3467
What are the prime factors of 53762893?
6653, 8081
List the prime factors of 455366128.
2, 7, 199, 20431
What are the prime factors of 129458892?
2, 3, 10788241
List the prime factors of 32899769.
7, 4699967
List the prime factors of 89714153.
73, 1228961
List the prime factors of 96724352.
2, 383, 1973
What are the prime factors of 128937950?
2, 5, 2578759
List the prime factors of 421275263.
367, 1147889
What are the prime factors of 2232008238?
2, 3, 372001373
List the prime factors of 300800069.
53, 5675473
List the prime factors of 2000467200.
2, 3, 5, 31, 3361
What are the prime factors of 85655326?
2, 42827663
What are the prime factors of 1491281475?
3, 5, 23, 864511
List the prime factors of 25050263.
7, 31, 241, 479
What are the prime factors of 68273413?
13, 89, 59009
What are the prime factors of 1475238953?
97, 863, 17623
List the prime factors of 646391732.
2, 7, 41, 11491
List the prime factors of 1928417848.
2, 7, 17, 2025649
List the prime factors of 180088359.
3, 11, 41, 133103
What are the prime factors of 105581548?
2, 67, 393961
List the prime factors of 263129163.
3, 11, 37, 215503
What are the prime factors of 509654725?
5, 31, 227, 2897
What are the prime factors of 3512960526?
2, 3, 419, 1397359
What are the prime factors of 1268755833?
3, 422918611
List the prime factors of 100986604.
2, 25246651
List the prime factors of 1217260425.
3, 5, 433, 37483
What are the prime factors of 79133940?
2, 3, 5, 137, 3209
List the prime factors of 4673184.
2, 3, 48679
What are the prime factors of 61012474?
2, 30506237
What are the prime factors of 213965024?
2, 7, 13, 73477
What are the prime factors of 24005619?
3, 11, 131, 617
List the prime factors of 1142154.
2, 3, 13, 1627
List the prime factors of 881422573.
881422573
What are the prime factors of 54152589?
3, 167, 108089
List the prime factors of 4540691570.
2, 5, 454069157
What are the prime factors of 844956853?
13, 64996681
What are the prime factors of 358964374?
2, 547, 328121
List the prime factors of 2007127.
179, 11213
What are the prime factors of 60488021?
11, 379, 1319
List the prime factors of 25386770.
2, 5, 43, 1373
List the prime factors of 94660481.
67, 157, 8999
What are the prime factors of 336730648?
2, 109, 386159
What are the prime factors of 210709709?
7, 37, 59, 13789
List the prime factors of 163449340.
2, 5, 8172467
What are the prime factors of 107263099?
23, 4663613
What are the prime factors of 17555784?
2, 3, 89, 8219
List the prime factors of 138555960.
2, 3, 5, 1154633
List the prime factors of 50721693.
3, 11, 17, 23, 3931
What are the prime factors of 294316454?
2, 179, 822113
What are the prime factors of 10949633?
23, 59, 8069
List the prime factors of 40978022.
2, 19, 1078369
List the prime factors of 203548558.
2, 19, 5356541
What are the prime factors of 1578527605?
5, 17, 23, 149, 5419
List the prime factors of 17753483.
11, 31, 4733
What are the prime factors of 2871970876?
2, 717992719
List the prime factors of 118482786.
2, 3, 1637, 4021
List the prime factors of 295881906.
2, 3, 17, 2900803
List the prime factors of 1622944336.
2, 13, 563, 13859
What are the prime factors of 35705876?
2, 271, 32939
List the prime factors of 47395290.
2, 3, 5, 59, 26777
List the prime factors of 460276091.
11, 41843281
List the prime factors of 1044548077